the tens digit of d(-5)?
1
Let l(z) = -z + 5. Suppose 0*u = 5*u. What is the units digit of l(u)?
5
What is the hundreds digit of 199 + (-2*3 + 4 - -2)?
1
Let x = -25 + 73. What is the units digit of x?
8
Let g(x) = -x**2 - 3*x + 2. Let c be g(-3). Suppose 26 = c*j + 4. What is the tens digit of j?
1
Suppose -31 = -4*t + 5*g, -t + 4*t - 3 = -3*g. What is the units digit of (t - 3) + 1 + 1?
3
Suppose 0 = 4*v - 0 - 56. Let i be (-14)/(-6) + (-3)/27*-6. Suppose 0 = m - i*m + v. What is the units digit of m?
7
Let t be (-60)/9 + 2/3. Let q(d) = d**2 + 5*d + 3. What is the units digit of q(t)?
9
Suppose 99 + 231 = 3*a - l, -440 = -4*a + 2*l. Suppose 5*v - 5 = a. What is the units digit of v?
3
Let a(j) = -j**3 - 2*j**2 - j - 2. Let f be a(-2). Suppose f*c + 36 = 4*c. What is the units digit of c?
9
Suppose -3*l = d - 6, 0*d + d = 4*l - 22. Let a be 3*-2*2/d. Suppose -4 - a = -k. What is the units digit of k?
6
Suppose 5*t = -5*h + 535, -4*t - 4*h + 443 = -3*h. What is the hundreds digit of t?
1
Let m(v) = v**3 - 10*v**2 + 13. Let b be m(10). Let y = b + -7. What is the units digit of y?
6
Let m(g) = g**3 + 4*g**2 - 2*g. Let c(u) = -u**2 + u + 2. Let n be c(3). What is the units digit of m(n)?
8
What is the units digit of 2 + (23 - 0/(-4))?
5
What is the units digit of 1/4 + 6190/40?
5
Let l(t) be the third derivative of -t**6/120 - t**5/12 + t**4/8 + t**3/6 + t**2. What is the tens digit of l(-6)?
1
Suppose -v - 315 = -5*u, -4*u = 2*v - 3*v - 252. What is the tens digit of u?
6
Let d = 139 + -76. Suppose -2*q + 1 = -d. What is the tens digit of q?
3
Suppose 0 = p + 4 - 28. What is the units digit of p?
4
Let w(r) be the third derivative of r**5/60 - r**4/8 - r**3/2 + 2*r**2. Let q be w(4). What is the units digit of (q - 6)*(-60)/25?
2
Let u(r) = 9*r + 4. What is the tens digit of u(2)?
2
Let y be 78/12*(-3 - -1). Let o = -8 - y. Suppose 0 = 2*g - 8, -3*d + o*g = -0*d - 4. What is the units digit of d?
8
Let i = 62 + -43. What is the tens digit of i?
1
Suppose y - 8 = 8. What is the tens digit of y + ((-24)/(-4))/(-3)?
1
What is the hundreds digit of (118/(-4))/(4 - (-25)/(-6))?
1
Suppose 2*g - 3 - 3 = 0. Let x(z) = 8*z**2 - 3*z - 4. Let v be x(g). Suppose 14 = -5*r + v. What is the units digit of r?
9
Suppose -5*i = -3*i - 52. What is the tens digit of i?
2
What is the units digit of (0 - 3 - -3) + 38?
8
Let l(g) = -g**3 + 7*g**2 + 2*g - 1. What is the tens digit of l(6)?
4
Let b(w) = w - 3. Let k(x) = 1. Let c(s) = -4*b(s) - 12*k(s). Let i be c(6). What is the tens digit of (20/16)/((-2)/i)?
1
Suppose 1 = 3*n + 2*r, n + 5*r - 1 + 5 = 0. Let c = n + 2. Let k = c - 1. What is the units digit of k?
2
Suppose 5 = 3*j + 5*d, d - 12 = -4*j + 6. Suppose 36 = 3*f - w, 3*w - j*w = 0. What is the tens digit of f?
1
Let w(m) = 2*m**2 - 2. Let d = 12 + -8. Let u be 10/2*d/(-10). What is the units digit of w(u)?
6
Suppose 11 + 4 = 3*i. Let t(d) = -d + 12. What is the units digit of t(i)?
7
Let m be -1 + -1 - 2*-13. Suppose -9 = 3*n - 6*n. Suppose 0*l - n*l = -m. What is the units digit of l?
8
Suppose 6*w - 2*w - 216 = 0. What is the tens digit of (4/6)/(1/w)?
3
Suppose q + 3*q + 4*a - 8 = 0, -5*a + 4 = 3*q. Suppose -22 = t - q*t. What is the units digit of t?
1
Let m(d) = -d**3 - 16*d**2 - 10*d + 14. What is the tens digit of m(-16)?
7
Let o be 28/(-6) + 8/(-24). Let q = o - -6. What is the units digit of q?
1
What is the units digit of (12/(-24))/((-2)/104)?
6
Let w be (0 - (1 + 0))*-3. Suppose -2*z + w = z. Let y = 5 - z. What is the units digit of y?
4
Let i = 103 - 63. What is the tens digit of i?
4
Let u = -27 - -55. What is the units digit of u?
8
Suppose 5*v + 0*v = 2*x + 63, 5*v - 61 = 4*x. Suppose 3*q = -o + 4 + 3, -o - q + v = 0. What is the units digit of o?
6
Let q = -13 + 16. Let s(a) = 9*a - 3. What is the units digit of s(q)?
4
Let b = -7 + 47. What is the tens digit of b?
4
What is the units digit of (-9)/(-12) - 531/(-12)?
5
Suppose 3*c + 0 - 18 = 0. Let z be c/15 + (-39)/(-15). What is the tens digit of (3 - z) + 0 + 14?
1
Let b = 102 + -35. What is the tens digit of b?
6
Let r(l) = 2*l**2 - l - 3. What is the units digit of r(4)?
5
Let r(t) = 4*t + 2. Let q be (-5)/(-25) - (-58)/10. What is the tens digit of r(q)?
2
Let n = 20 + -54. Let z = -23 - n. What is the tens digit of z?
1
Let c be ((-9)/(-6))/((-3)/(-4)). Suppose 2*f - i = -f + 7, 5*i = 4*f - 13. Suppose -c*j + 32 = f*j. What is the units digit of j?
8
Let u(s) = -s**3 - 3*s**2 + 2*s + 2. Let o be u(-3). What is the units digit of (-7)/28 + (-53)/o?
3
Let i = -170 - -243. What is the tens digit of i?
7
Let j(o) = 3*o**2 - 5*o + 43. What is the hundreds digit of j(-8)?
2
Let v be (6/(-5))/((-3)/10). Suppose 2*l + 3*o = 44, l - 3*o - v = -0*l. What is the units digit of l?
6
Suppose 0 = 2*t + 2*t - 12. Suppose -t*g = -60 - 3. Suppose 0 = -3*z - 0*z + g. What is the units digit of z?
7
Suppose -3*x + 49 = 5*i + 9, -4*i + 32 = -2*x. What is the units digit of i?
8
Let u(y) = -3*y**2 + y - 10. Let n be u(-5). What is the tens digit of ((-16)/10)/(6/n)?
2
Suppose -23 = -5*m - 4*v, -5*m + v + 4 = -3*m. Suppose 5*q - 2*o = -4*o + 30, -m*q - o + 17 = 0. What is the units digit of q?
4
Let s = -2 + 5. Suppose 0 = -2*t - 3*k + 48, 2*t = -2*t - s*k + 84. What is the units digit of t?
8
Let p = 1 + -1. Suppose -5*h = l - 0*l - 62, h - 2*l - 19 = p. What is the units digit of h?
3
Let z = 71 + -43. What is the tens digit of z?
2
What is the tens digit of ((-24)/(-16))/((-6)/4)*-103?
0
Let x(n) = n**3 + n**2 - 4*n - 5. Let s be x(4). Let w = -35 + s. What is the units digit of w?
4
Suppose -10 + 81 = 5*u - 2*t, 4*u = -5*t + 37. What is the tens digit of u?
1
Let h(m) = 5*m**2 - 8*m - 2. Let g(b) = -6*b**2 + 9*b + 3. Let o(k) = 3*g(k) + 4*h(k). What is the tens digit of o(4)?
1
What is the units digit of 2/9 + (-1037)/(-153)?
7
Suppose -3*q + 7 + 14 = 0. What is the units digit of q?
7
Suppose 0*i + i - 4 = 0. Suppose -51 = -i*o - 4*x - 11, -17 = -2*o + x. Let y = -4 + o. What is the units digit of y?
5
Suppose 3*x + 1 = -8. Let u(f) = -f - 1. What is the units digit of u(x)?
2
Suppose -26 = -4*k + 90. What is the units digit of k?
9
Suppose -z + 21 = -2. What is the units digit of z?
3
Let j(h) = 46*h + 5. What is the hundreds digit of j(4)?
1
Let h(k) = -k**3 + k**2 + 2*k + 1. Suppose 4*c = -0 - 4. Let z be h(c). Let j(l) = 6*l**2 - l. What is the units digit of j(z)?
5
Let n(c) = c**2 + 6*c + 5. Suppose -3*i = 4 - 1. Let s(x) = 5*x**3 - 2*x**2 - 2*x - 1. Let z be s(i). What is the units digit of n(z)?
5
Let h(s) = -2*s - 6. Let j be h(-10). Let i = 86 + j. What is the units digit of i/26 - (-2)/13?
4
Suppose 0 = -2*t + 4*l + l - 10, 2*t = -2*l + 18. Let r(s) = -s**3 + 5*s**2 + 3*s - 7. Let z be r(t). Suppose z*n - 3*n = 75. What is the tens digit of n?
1
Suppose 4*v - 7*v = -2*j - 293, -3*j = -5*v + 488. What is the tens digit of v?
9
Let q be (-3)/(2/(-1 - 1)). Suppose -g = q, 6*l - 3*l = 2*g + 21. What is the units digit of l?
5
Let f be (0 - -2)*(-20)/8. Let b be 15/(-6) - (-1)/2. What is the units digit of (-1 - b)*2 - f?
7
Suppose 2*d = 4*d + 60. Let k = -50 - d. Let r = k + 31. What is the tens digit of r?
1
Let g(l) = l**2 - 6*l - 12. Let x = 25 + -16. Let u be g(x). What is the units digit of u/(27/6 + -3)?
0
Suppose 3*o - 3 = 2*o - 3*q, 2*o = -5*q + 4. What is the tens digit of o/(1*(-4)/24)?
1
Suppose -50 = 3*p - 5*p. What is the units digit of p?
5
Let v(a) be the first derivative of -a**4/4 - 3*a**3 - a**2/2 - 6*a - 6. What is the units digit of v(-9)?
3
Suppose -2*z = 5*p - 248, 4*z - 8*p + 3*p = 526. What is the tens digit of z?
2
Suppose 5*k - 3*k = 0. Let q be -1*(k + 1 + -5). Suppose 1 - 5 = -q*x. What is the units digit of x?
1
Let l be (-2)/(-7) + 92/(-28). Let x = 1 + l. What is the units digit of 4 + (-2)/x + -2?
3
Let m be 9 + (-1 + -3)/(-2). Suppose -v + 6 = -m. What is the units digit of v?
7
Suppose 7*m + 72 = 4*m. Suppose -34*a + 30*a = -160. Let h = m + a. What is the tens digit of h?
1
Let t(z) = z**2 + z. Let i be t(-2). Suppose -3*n = 9, 50 = 2*h + i*h - 2*n. What is the units digit of 68/11 - 2/h?
6
Let t(b) = 2*b**2 + b + 1. Let p be t(-1). Suppose -3*h + 2 = o + p*h, 0 = 4*o + 4*h - 40. What is the units digit of o?
2
Let s = 0 - -4. Suppose -2*k = -4*m + 